-7) + l)*-4. Let m(c) = 5*c**3 + 4*c**2 - 3 - 4*c**3 - 5*c - 2. Calculate m(o).
15
Let m(t) = -6*t - 1. Let x(a) = 14*a + 2. Let k(p) = -9*m(p) - 4*x(p). Let d(r) = -3*r - 8. Let i(y) = d(y) - 4*k(y). Determine i(5).
13
Let g(n) = n**3 - n**2 - 9*n + 5. Suppose 2*i + 2*m = 0, -11*m = -4*i - 7*m + 32. Give g(i).
17
Suppose -5*s = -5*i + 40, s - 144*i + 139*i + 28 = 0. Let m(a) = a**3 - 6*a**2 - 6*a + 1. What is m(s)?
-62
Suppose -b - 98 = -100. Let k(c) = -b*c**3 + 3*c**3 + 49 + 7*c**2 - 54 - c. Let m be (-4 + 6)*(-7)/2. Give k(m).
2
Let y be 8/6 - 2561/591. Let h(m) = 5*m. What is h(y)?
-15
Let h = -42 - -58. Suppose 11*q - 6 = h. Let x(y) = -143*y**2 + y + 144*y**2 + 2 - 6*y. Calculate x(q).
-4
Suppose r - 10 = -2*w - 31, 8 = -3*r + 5*w. Let d(j) = 3*j - 8. What is d(r)?
-41
Let b be (21/14)/(3/12*3). Let l be 41/b - (-18)/12. Suppose p + 2*p - 6 = -3*g, g - 4*p - l = 0. Let h(u) = u**3 - 6*u**2 - u + 6. Give h(g).
0
Let p = 18057 + -18054. Let u(r) be the second derivative of 2*r**2 + 5/3*r**p + 0 - 6*r - 1/12*r**4. Determine u(10).
4
Let u(o) = 10*o - 6. Suppose 0 = -36*a - 66 + 246. What is u(a)?
44
Let z(v) = v**2 - 8*v - 3. Let y be 0 - 2/(-2)*1. Let h be -4 + (y - 2)*-23 + -2. Let f(a) = -a**2 + 16*a + 26. Let n be f(h). Calculate z(n).
6
Let c(f) = 70*f + 16. Let o(r) = -29*r - 8. Let a(p) = 8*c(p) + 18*o(p). What is a(1)?
22
Suppose 23*p = 11 + 35. Let d(b) = -27*b**2 + 16*b**2 + 3*b**3 + 6*b + 17*b**2 - p*b**3. Calculate d(-5).
-5
Let w(l) = -l**2 + 5. Let h(b) = -7. Let o(m) = 6. Let c(q) = -5*h(q) - 6*o(q). Let j(z) = -4. Let d(a) = 3*c(a) - j(a). Let x(p) = -9*d(p) + 2*w(p). Give x(2).
-7
Suppose 2*s - 59668 = -2*r, 45404 + 44128 = 3*s - 3*r. Let j(h) = 29837 + 0*h - s - 2*h - 4*h**2. Give j(-2).
-14
Let d(t) be the third derivative of t**2 - 1/120*t**6 - 1/30*t**5 + 1/6*t**3 - 19 + 0*t - 1/24*t**4. Give d(-3).
13
Let p(k) = -k - 13. Let o = 612 - 945. Let x = o + 322. Calculate p(x).
-2
Let s(h) = -h**2 + 14*h + 2. Let g be s(14). Let t be -2 + -3 + g + 2. Let k be t + -1*(-1)/(-3)*9. Let y(l) = -2*l**2 - 6*l - 1. Give y(k).
-9
Let o(z) be the third derivative of -z**5/30 + 19*z**4/12 + 47*z**3/6 + 1966*z**2. Determine o(21).
-37
Let o(c) = -4*c + 256*c**2 + 6 - 126*c**2 - 129*c**2. Let g = -36 - 1. Let p = -33 - g. Determine o(p).
6
Let j(o) = 19*o - 45. Let q(n) = 4*n + 2. Let b(d) = -j(d) + 4*q(d). What is b(20)?
-7
Let y = -178 + 115. Let w = 76 + y. Suppose -w = -5*z + 18*z. Let d(p) = p**3 + 2*p**2. What is d(z)?
1
Let q(k) = -5*k**2 - 11*k + 1. Let l(r) = 257*r - 9255. Let c be l(36). Give q(c).
-11
Let c = 9130 - 9129. Let q(s) = 73*s - 73. Give q(c).
0
Suppose -4*i = -16, 10*i = 3*w + 7*i + 18. Let h(a) = a**3 - a**2 + 4. Determine h(w).
-8
Let r(h) = -11*h + 8. Let n be (-2)/(-24) + 2773/708. What is r(n)?
-36
Let r(v) be the third derivative of -v**6/120 + 19*v**5/20 - 14*v**4/3 + 103*v**3/6 + 2*v**2 + 165*v + 1. Calculate r(55).
-7
Let b(j) = j**3 - j**2 - j + 4. Suppose -4*y - 3 = 1. Let g be 12 - 1*(4 + y). Suppose g*h = 10*h. Determine b(h).
4
Let s(w) = -8*w**2 + 5*w - 4. Let u(f) = f**2 - f - 71. Let n be u(9). Give s(n).
-7
Let c(r) = 2*r**3 - 2*r**3 - r**3 - 42517*r - 10*r**2 + 42499*r. Give c(-8).
16
Let o(x) = 16*x - 4*x - 21*x - 8*x - 112. Determine o(-6).
-10
Suppose 151*m + 2*t = 150*m - 4, -t = 4*m - 5. Let s(x) = 5*x**2 - 11*x - 4. Determine s(m).
-6
Let j(v) = -v**2 - v - 10. Let m be 12/(-138) - 71/(-23). Suppose k - m*k - 3*n = 0, -4*k = -n. Calculate j(k).
-10
Let w(c) = -14*c**2 + c - 3. Suppose 0 = -k + 2*l + 1, -41*k = -42*k + 5*l + 4. Calculate w(k).
-18
Let i(p) be the second derivative of p**3/6 + 3*p**2 - 3231*p. Calculate i(-13).
-7
Let d(y) = -8*y**3 + 24*y**2 + 12*y - 14. Let i(s) = 3*s**3 - 8*s**2 - 4*s + 5. Let a(f) = 4*d(f) + 11*i(f). Suppose -163*u = 756 - 104. Calculate a(u).
47
Let u(n) = -8*n - 75. Let r be u(-10). Let g(x) = -r - 14*x**2 + 15*x**2 + 1 - x. Calculate g(4).
8
Suppose -5*n = -2*n, -5*c + n = 5. Let a be (38/(-8))/((-9)/180). Let m(b) = 45 + 51 - a + 3*b. What is m(c)?
-2
Let b be (6 - (-8 + -311))/1. Suppose 0 = -329*o + b*o + 44. Let x(m) = m**3 - 11*m**2 - 3*m + 5. Determine x(o).
-28
Let r be (86/(-18) - (-6)/(-27)) + (-278 - -285). Let b(z) = -2*z - 12. Let a(d) = -3*d - 18. Let m(l) = -5*a(l) + 7*b(l). Determine m(r).
8
Let q(k) be the third derivative of 2 + 1/3*k**3 + 0*k - 1/8*k**4 + 9*k**2. Determine q(3).
-7
Let n be (-18)/(-4) - 46/(-92). Let u = 13 - 3. Suppose -n = u*l - 5. Let g(i) = -i + 5. Give g(l).
5
Suppose 423*g - 398*g = 175. Let i(k) = -13*k + 24. What is i(g)?
-67
Let o = 181 - 180. Suppose 0 = 14*p - 13 - o. Let f(u) be the first derivative of -3*u**2 - 1. What is f(p)?
-6
Let q(y) = y - 13*y**3 - 2*y + 2*y. Suppose 0 = 4*l + 13 - 25. Suppose s + 4*c = 2*s + 17, l*s + 23 = 5*c. Determine q(s).
12
Let m(t) = -t**3 + 4*t**2 + 8*t - 3. Let x(z) = 32*z - 41. Let v be x(5). Suppose v*o - 121*o + 62 = 0. Suppose -4*q - o = -51. What is m(q)?
12
Let s(l) = -2*l**2 + 0 + 3*l**2 - 3*l - 6 - 2*l. Let j(z) = 2*z**2 + 14*z - 40. Let x be j(-9). Determine s(x).
30
Let v(z) = -z**3 - z**2 - 2*z - 3. Let d(r) = -r**2 - 8*r - 13. Let x be d(-5). Suppose 4 = x*j, q = j + 3*j + 6. Suppose -12*h - q - 10 = 0. Calculate v(h).
5
Let a(v) = -2*v**3 - 11*v**2 + 25. Let o be a(-5). Let m(k) = k + 25. Let s(x) = 2*x + 30. Let n(y) = 5*m(y) - 4*s(y). Calculate n(o).
5
Suppose -3 - 9 = -3*m. Let h(l) = -12*l + 2*l**2 + 29*l - 5 - 11*l - 9*l. Determine h(m).
15
Let v(d) be the second derivative of d**4/12 - 23*d**3/6 - 21*d**2 + 2020*d. What is v(24)?
-18
Let t(h) = -35021*h + 70036*h + 5 - 35029*h. Determine t(-1).
19
Let v(t) = -817 - 2*t + 3*t - 2*t + 812 - t. Determine v(7).
-19
Suppose 51 - 33 = 6*o. Let p be ((-1)/2)/(o - 232/80). Let h(c) = c**3 + 4*c**2 - 4*c - 7. What is h(p)?
-12
Let h(q) = 3*q - 4*q - 16 - 1 + 2*q + 2*q. Determine h(16).
31
Let d(x) = 20*x + 14. Let b be -18 + 11 - (-154)/22. What is d(b)?
14
Let a(x) be the first derivative of x**4/4 + x**3/3 + 5*x**2/2 + x - 30. Determine a(-2).
-13
Let v(b) = 3*b - 19 - 2*b - 4*b. Let n(q) = -q - 10. Let x(c) = 5*n(c) - 3*v(c). Let h be 3 + -6 + 2 - (-23 - -28). What is x(h)?
-17
Let l(i) be the first derivative of 2*i**3/3 + 30*i**2 - 60*i + 12419. Determine l(-31).
2
Let s(f) be the third derivative of -f**5/60 - 2*f**3/3 - 173*f**2. Let o be (-6)/4 + 27/18. Determine s(o).
-4
Suppose 0*g + g = 2. Let t(o) = -7 - 20*o - 5*o + 26*o + 9. Determine t(g).
4
Let g(n) = n**3 + n**2. Suppose -2*w = -3*j + 329, -5*w + 4*w = j - 108. Suppose 0 = -5*m + 56 + j. Let s = m + -35. Give g(s).
-4
Suppose u - 8 = 2. Let c be 5*(0 + 14/u). Let w(r) = c*r**2 + r - 1902*r**3 + 4*r + 1903*r**3. Calculate w(-6).
6
Let n(q) = -8442*q + 34*q**3 + 8443*q - 12*q**3. Suppose u - 8 = -3*u. Suppose -u = 2*x - 0. Calculate n(x).
-23
Let t(k) = k**2 + 8*k + 21. Let f be t(-3). Let z(b) = -14*b + 85. Let a be z(f). Let n(i) be the third derivative of i**5/60 - i**3/6 + 5*i**2. Calculate n(a).
0
Let i(r) = -r**2 + r + 3. Suppose -18 = -4*q - 6. Calculate i(q).
-3
Let h(i) be the third derivative of -i**5/60 + 5*i**4/8 + 5*i**3/3 + 56631*i**2. Let z = -29 + 41. What is h(z)?
46
Let r(i) = -i**3 + i - 7. Let n(k) = 34*k + 35. Let o be n(-2). Let t = 8 + 25. Let y = t + o. What is r(y)?
-7
Let c(d) = 8*d**2 + 2*d + 2. Let i be -10*5*(-28)/(-40). Let q be ((-154)/i + -4)*-5. What is c(q)?
30
Let v = -3927 - -3910. Let z(g) = 54 - 6 - 21 + 2*g. Calculate z(v).
-7
Let i(z) = z**3 - 5*z**2 + 2*z - 2. Let f be i(3). Let k be (6/14)/((-2)/f). Let y(r) = -r + 1 - r - k*r**2 - 1. Calculate y(-2).
-8
Let p(i) = i + 2. Let r = -623 + 644. Suppose f - r = -12. Calculate p(f).
11
Let f(v) = 5*v**3 - v**2. Suppose -5 = 4*t - 25. Suppose t*c = c. Suppose c*w - 3*w - 3 = 0. Give f(w).
-6
Let f(g) = 2*g + 1 - g - 16*g**3 + g. Suppose -1968 + 1955 = 13*h. Determine f(h).
15
Let u(h) = -15*h**3 + 11*h**2 + 8*h + 4. Let b(x) = 13*x**3 - 9*x**2 - 6*x - 5. Let j(d) = -8*b(d) - 7*u(d). Suppose -5*o + 25 = -5. Determine j(o).
0
Suppose 3*u - 1196 = -0*u - 5*a, 0 = -u - 4*a + 408. Let p be (u/(-12))/(-7)*(-3)/2. Let n(x) = -x**2 - 9*x + 2. What is n(p)?
16
Let j(c) = 114*c + 1 - 1 - 45*c + 24*c. Determine j(1).
93
Let s be (-35 + 3)/4 + 11. Let k(g) = -2*g**2 